7 - w - 0) is divided by 7?
3
Suppose 1920 = -634*d + 654*d. What is the remainder when d is divided by 20?
16
Suppose -5*q - 6*r = -2*r - 46, -4*q - 5*r = -35. Let v be (-32)/(-5) - (-6)/q. Calculate the remainder when (0 - 66)*v/(-14) is divided by 17.
16
Calculate the remainder when ((-152)/(-76))/(2/180) is divided by 105.
75
Suppose 9*i - 66 = 96. What is the remainder when 177 is divided by i?
15
Let x = 602 - 367. Suppose 5*s + 3*i - 1159 = 0, 213 + x = 2*s - 4*i. Suppose -5*z + 15 + s = 0. Calculate the remainder when z is divided by 17.
15
Let q = 100 + -67. What is the remainder when 170 is divided by ((-38)/6)/((-11)/q)?
18
Let q = 28 + 133. Suppose q = -5*a + 226. What is the remainder when a is divided by 5?
3
Let i be 9/(-6)*26/3. Let q = 3 - i. What is the remainder when q is divided by 9?
7
Let a be (-42)/(-112) + (-90)/(-16). Suppose -4*o + 10 = -a*o. What is the remainder when 35 is divided by (-930)/(-50) + 3/o?
17
Suppose -416 = r - 17*r. Calculate the remainder when 179 is divided by r.
23
Suppose -b = -2 - 0. Suppose -3*v = -b*v - 5. Suppose 0 = 5*n - k - 13, -4*n + 2 = k - 3. What is the remainder when v is divided by n?
1
Let u = 26 - -6. Let h = u + 16. What is the remainder when h is divided by 10?
8
What is the remainder when 81 is divided by 58/6*(-11)/((-77)/21)?
23
Suppose 7*w = 3*w + 12. Suppose k - w*u - 34 = -0*k, 2*k = -2*u + 68. What is the remainder when 131 is divided by k?
29
Suppose 4*i - 4*m - 42 = -6*m, -m + 1 = 0. Calculate the remainder when (34 - -3)/((-1)/(-1)) is divided by (-369)/(-45) + (-3 + 1)/i.
5
Let w(k) = 14*k - 31. Calculate the remainder when 211 is divided by w(5).
16
What is the remainder when 132 is divided by 190/7 - (1 - 5)/(-28)?
24
Let u(z) = -z**3 - 7*z**2 + 7*z - 6. Let x be u(-8). Suppose -2*t + x = -t. Suppose 24 = 4*l - t*l. Calculate the remainder when 34 is divided by l.
10
Let t = 214 + -372. Suppose -2*m = -o + 89 + 133, 0 = o + 2*m - 226. Let f = o + t. What is the remainder when f is divided by 17?
15
Suppose 3*g - 77 = -5*u + 47, -g = 2*u - 41. Let d be -1 - -18*12/(-9). Let p = d + 48. What is the remainder when g is divided by p?
20
Suppose 8 = 4*a - 0. What is the remainder when (-45)/18 + 2 - (-155)/2 is divided by a/1 - (-24 + 0)?
25
Let x = -50 + 28. Let c = 24 + x. Suppose -2*f + 4*n - 8*n = 14, 5*f = -4*n - 5. Calculate the remainder when f is divided by c.
1
Suppose -3*l + 11*l - 760 = 0. What is the remainder when l is divided by 85?
10
Let g = 3 + 9. Let f = g - 7. Suppose 0 = -f*a + 45 - 5. What is the remainder when 31 is divided by a?
7
Suppose 2*l - 26 = 18. Suppose -2*j - 6 = 0, b - 13*j = -12*j + 11. Calculate the remainder when l is divided by b.
6
Let b be -2 - 4 - (-4 - 4/(-1)). Calculate the remainder when 38 is divided by (-68)/b - 4/(-6) - 2.
8
Let w be (28/16)/(-1)*(-16)/1. Calculate the remainder when 944/w + (-2)/(-7) - 3 is divided by 8.
7
Let o be 1 + 1 - (-1 - 1). Let q = 13 - o. Calculate the remainder when q is divided by ((-1)/2)/(17/(-170)).
4
Suppose -11*f + 6*f + 525 = 0. What is the remainder when 142/5*f/42 is divided by 37?
34
Suppose 4*w - w - 4*z = 66, -5*w + 110 = -2*z. What is the remainder when w is divided by (-1)/(12/(-9))*(2 - -14)?
10
Suppose -m = -k + 22, k + 3*m - 4 = 6. Let u = 126 - 53. Calculate the remainder when u is divided by k.
16
Suppose 0 = -n - n - 4*z + 24, -3*z = -12. Calculate the remainder when -5 + 1 - (-50 + n) is divided by 9.
6
Let s = -499 - -533. Calculate the remainder when 130 is divided by s.
28
What is the remainder when (-2 - (2 - 1))/(-3) + 14 is divided by 76/10 + 16/40?
7
Let y be ((-1)/(2/(-30)))/(-1). Let i = 14 + -3. What is the remainder when i is divided by (y/10)/((-1)/2)?
2
Let f = -5 + 7. Suppose -3*z = f*z + 80. Let a = z + 29. Calculate the remainder when 50 is divided by a.
11
Let t(q) = q**3 + 9*q**2 - 3*q - 3. Let n be (-6)/21 - (-456)/(-21). Let k = -9 - n. Calculate the remainder when t(-9) is divided by k.
11
Let z(n) = -n + 6. Let q(v) = -v**3 + 28*v**2 + 30*v - 19. Calculate the remainder when q(29) is divided by z(4).
0
Let x be (-3)/(-9)*(8 - 2). Suppose -x*k = -1 - 17. What is the remainder when k is divided by 7?
2
Suppose 121*z = 126*z - 100. What is the remainder when 78 is divided by z?
18
Let d(y) = -6*y + 5. Let o be d(0). Suppose -3*j = -2*h - 365, -2*j - h - 364 = -o*j. What is the remainder when j is divided by 31?
28
Suppose 4*x - 52 = -4*h, -3*h = 2*x - 1 - 35. Let f be 10 + -8 + (1 + 0 - 0). Suppose 8 = f*b - 10. Calculate the remainder when h is divided by b.
4
Suppose 42*k = 30*k + 3132. What is the remainder when k is divided by 53?
49
What is the remainder when 9 is divided by 6/(-5*(-4)/20)?
3
Let g = 49 + 60. Calculate the remainder when g is divided by 11.
10
Let a be 520/(-60)*(-6)/4. Suppose -a*k = -14*k + 52. Calculate the remainder when k is divided by 27.
25
Suppose 6 = 5*b - 64. Suppose 2*q + 110 = 2*r, 5*r - 3*q = -0*q + 275. Calculate the remainder when r is divided by b.
13
Let u = 26 + -41. Calculate the remainder when 201 is divided by (50/u - -4) + (-200)/(-6).
31
What is the remainder when 195 - 7/((-84)/(-108)) is divided by 29?
12
Let w be 10/(-35) + (-69)/(-21). Suppose -7*s = w*h - 9*s - 234, 4*h - 312 = -5*s. What is the remainder when h is divided by 21?
15
Let b(x) = 6*x**2 - x - 1. Let q(v) = -2*v**3 - 3*v**2 - 2*v + 3. Calculate the remainder when q(-2) is divided by b(-1).
5
Let m = 12 + 13. Let l(j) = -8*j + 49. What is the remainder when l(-6) is divided by m?
22
What is the remainder when (-2)/(10 + -2) + (-7215)/(-60) is divided by 44?
32
Let f(x) = x + 3. Suppose 0*i = i - 14. Suppose 0 = -2*z - 2*d + i, 5*d = 4*z - 0*d - 73. Calculate the remainder when f(19) is divided by z.
10
Calculate the remainder when ((-154)/165)/7 + 3542/15 is divided by 60.
56
Let x(t) = t**3 - 8*t**2 + 3*t + 61. What is the remainder when (30/4)/(9/24) is divided by x(6)?
6
Let g(d) = 3*d**2 - 11*d + 8. What is the remainder when 29 is divided by g(3)?
1
Let h(u) = u**3 - 4*u**2 - 7*u - 5. What is the remainder when (64 - 54) + 113/1 is divided by h(6)?
23
Let c(d) = -d**2 + 2*d + 17. Suppose -28 = -u - 0*u. What is the remainder when u is divided by c(0)?
11
Suppose 3*h = -2*h + 95. Suppose -u - 1 = -h. Suppose -5*w + 4*g + 46 = 0, 10 = 3*w - 3*g - 17. What is the remainder when u is divided by w?
8
Suppose -78 + 22 = -7*o. Suppose b - k = 3*k - 9, 5*b - 5*k - 30 = 0. Calculate the remainder when o*3/(6/8) is divided by b.
10
Suppose 352 = -9*h + 25*h. Let p = h - 13. What is the remainder when 17 is divided by p?
8
Let p(g) = g + 15. Let x be p(-13). Suppose -h = u - x, -u - 15 = -5*h + 19. What is the remainder when 34 is divided by h?
4
Let k(g) = -100*g**2 - g - 1. Let l be k(1). Let t = l - -170. Calculate the remainder when t is divided by 24.
20
Suppose 5*m = -8*q + 6*q + 108, -2*q + 116 = 3*m. Calculate the remainder when q is divided by (2/1 - 5)*-11.
31
Suppose -4*l + 0*u = 5*u - 62, 0 = 3*l + 3*u - 48. Let q = l - 9. Calculate the remainder when 14 is divided by q.
5
Let c(m) = -m**3 + 11*m**2 - 9*m - 1. Let s(h) = h**2 + 38*h + 139. What is the remainder when c(10) is divided by s(-34)?
0
Let d(y) = -9*y + 122. What is the remainder when d(-9) is divided by 46?
19
Suppose -645 = -5*k - 0*k. Let l = k + -43. Calculate the remainder when l is divided by 24.
14
Suppose u = 4*o - 1392, 0*o - 5*o + 1765 = 5*u. Calculate the remainder when o is divided by 35.
34
Let g(a) = 4*a - 4. Let b = 119 + -99. Calculate the remainder when b is divided by g(3).
4
Suppose 3*k - 4*w + 88 = 7*k, 2*w + 82 = 5*k. Let n = -75 + 109. What is the remainder when n is divided by k?
16
Let d = 45 - 23. Let t = d + -14. Calculate the remainder when t is divided by (1/4*-5)/(17/(-68)).
3
Suppose -2*a - 423 = -5*v, -2*a - 48 - 120 = -2*v. Calculate the remainder when v is divided by 3/((-1188)/(-1392) + 6/(-8)).
27
Suppose -11*y - 15 = -12*y. Let p(v) = -v**3 + 15*v**2 + 2*v - 12. What is the remainder when p(y) is divided by 11?
7
Calculate the remainder when (-8)/6*((-81)/36 + -6) is divided by 3.
2
Let c = -274 + 292. Suppose 0 = 3*k + 2*k - 525. What is the remainder when k is divided by c?
15
Let m = 4 - -11. Let q = m + -15. Suppose q = 2*k - k - 46. What 